What is the hundreds digit of n?
1
What is the units digit of -7 + (4854 - (-4 - -2))?
9
Let n(s) = s**3 + 6*s**2 + 3*s - 3. Let r be n(-5). Let g(p) = -p**3 + 6 + 5*p**2 - 2 - p + 3*p**2. What is the units digit of g(r)?
6
Let u(i) be the second derivative of -8*i**3/3 - 21*i**2 - 22*i. What is the units digit of u(-10)?
8
Suppose 3*u = -v + 10119 + 2349, 4*u = -3*v + 16619. What is the thousands digit of u?
4
Let c(d) = -d**2 + 52*d + 5. What is the units digit of c(15)?
0
Let r = 1961 + 166. What is the units digit of r?
7
What is the units digit of ((-19)/4)/(-3*(-9)/(-3996))?
3
Suppose -5*f = -4784 - 396. What is the units digit of f?
6
Suppose -d - 4*x = -562, -1296 = -5*d - 4*x + 1434. What is the units digit of d?
2
Suppose 593 = -4*c - c - 2*p, -c - p = 118. Let m = c + 281. What is the units digit of m?
2
Let z be 2 - (-1 + -5) - -1. Suppose -z + 1 = -2*o. Suppose -2*b - o = -12. What is the units digit of b?
4
Suppose -3*w - 2*k = 2*w - 160, -15 = 3*k. Suppose w + 320 = 6*g. What is the tens digit of g?
5
Let a = 14 - 19. Let g = a - -7. Suppose 4*b - g*b = 32. What is the units digit of b?
6
What is the tens digit of (1*-2)/(-1*20/8950)?
9
Let n = -98 - -236. What is the hundreds digit of n?
1
Let o(z) be the second derivative of -13*z**3/6 - 75*z**2/2 + 31*z. What is the hundreds digit of o(-26)?
2
Suppose 6*r = 4143 + 5973. What is the tens digit of r?
8
Let l(b) = -2*b - 13. Let h(x) = -5*x + 4. Let f be h(2). Let t be l(f). What is the tens digit of (36/(-5))/(t/5)?
3
Let o be (-9)/(-12)*1*-124. Suppose 4*h - l = 701 - 171, -4*h + 536 = 2*l. Let q = o + h. What is the units digit of q?
0
Let a be 93/(-33) + (-2)/11. Let x(q) = 20*q**2 + 4*q + 7. Let y be x(a). Suppose 7*o - y = 2*o. What is the units digit of o?
5
Let n(z) = -8*z + 14. Let b(q) = -9*q + 14. Let a(w) = -5*b(w) + 4*n(w). What is the units digit of a(6)?
4
Suppose 0*z + 4*p + 48 = -2*z, 3*p = -3. Let b be (z/(-6) + -4)*-15. Suppose 0 = -3*i - 5*d + 23, -3*i + 41 = -2*i - b*d. What is the tens digit of i?
1
What is the hundreds digit of (9/18)/(4 + (-161995)/40500)?
0
Let u be (5/2)/(-1)*-2. Suppose 0 = 2*k - u*y - 37, -4*y + 13 = 3*k - 3*y. Suppose -k*f + 40 = -f. What is the units digit of f?
8
Let u be (10 + -11)*(-1)/1. Let z(p) = 15*p**2 + 4*p - 3. What is the units digit of z(u)?
6
Let f(a) = -10*a**2 + 4*a - 2. Let w be f(2). Let y be (-3 - -9)/(-2) - 17. Let j = y - w. What is the units digit of j?
4
Let d = -2398 + 2611. What is the hundreds digit of d?
2
Suppose -2*p - 144 = 3*h + 3*p, 4*p = 2*h + 118. Let i = 39 - h. What is the units digit of i?
2
Let y = 3 - -5. Let r be y/12 + 5/(-3). What is the tens digit of 13/((3/(-6))/r)?
2
What is the units digit of (-4185)/(1 + -6) + 2 + 1?
0
Let t(i) = i + 10. Let r be t(-9). What is the tens digit of ((-34575)/(-10))/15 + r/2?
3
Let n(i) be the third derivative of i**4/8 + i**3/6 - 5*i**2. Let y be n(1). What is the units digit of 6/y*260/15?
6
Suppose 5110 = -8*u + 15*u. Suppose -u = -5*a - z, 5*a - 206 = -4*z + 524. What is the tens digit of a?
4
Suppose -3*s = -6*s - 3. Let w = s - -4. Suppose z = -w*z + 56. What is the units digit of z?
4
Let m = -195 + 110. What is the units digit of -3*30/(-18) - m?
0
Let b = -179 - -581. What is the tens digit of b?
0
Let a(p) = -182*p - 55. What is the units digit of a(-7)?
9
Let z(l) = 6*l - 24. Let n be z(4). Suppose 2*w - 33 - 131 = n. What is the tens digit of w?
8
Let v(c) = c**2 - 9*c - 92. What is the tens digit of v(-31)?
4
Suppose 0 = 4*x - 3*s - 10199, -5*x - 1929 + 14674 = -5*s. What is the units digit of x?
2
Suppose 3*s = 4*d - 416, -d = 3*s - 56 - 48. What is the units digit of d?
4
Suppose -3*b + 3*v = -0*b + 6, -4*v = 4*b + 16. What is the hundreds digit of (2 - 3 - -1) + b + 170?
1
Let j(i) = -115*i**3 + i. Let w be j(1). Let h be 4 + (-1 - (0 + -1)). What is the tens digit of 2/(-3)*w/h?
1
Let z(n) = n**3 - 3*n**2 - 4*n + 4. Let i be z(4). Suppose i*l + 0*l = 8. Suppose -44 + 10 = -l*y. What is the units digit of y?
7
Suppose -5*q - 81 = 2*b - 1063, 0 = 4*b - q - 1964. What is the tens digit of b?
9
Let x(t) = 225*t**3 - 2*t**2 - 4*t - 2. What is the hundreds digit of x(2)?
7
Suppose 0 = q + 41 + 122. Let o = q - -229. Suppose n - 4*n + o = 0. What is the tens digit of n?
2
Suppose -5*k - 5 = 0, -4*p + 4*k + 412 = -p. What is the units digit of p?
6
Suppose -62*j + 21*j + 26486 = 0. What is the hundreds digit of j?
6
What is the hundreds digit of (1 - -812) + -5*26/65?
8
Let j = -67 + 63. What is the units digit of -6*2/(-4) - (-6 - j)?
5
Suppose -3*d + 4*d - 6 = 0. Let q be 3*((-40)/d)/(-5). Suppose -q*l + 13 = -3*l. What is the units digit of l?
3
Let r(y) = -2*y**2 + 13*y - 6. Let x be r(4). What is the tens digit of (-56)/6*(-63)/x?
4
Suppose 0*y - 184 = -2*y. Let o be 65/(8/48*15). Suppose y = o*r - 24*r. What is the tens digit of r?
4
Suppose -20*c + 2037 = -13*c. What is the tens digit of c?
9
Suppose -3*t + 3 = 3*w - 2*w, -3*t = 2*w. Suppose 2 + t = x. Suppose 0 = 2*l - 2*f + 4*f - 74, 2*f = x*l - 166. What is the units digit of l?
0
Let s = 36 + -38. Let y = s - -8. Suppose 0 = a - y*a + 165. What is the units digit of a?
3
Let g = 15 + -63. What is the tens digit of -15*(2 - g/(-15))?
1
Suppose 5*i - 15 = 45. Let s(g) = -g**3 + 12*g**2 + 6*g + 3. What is the units digit of s(i)?
5
Let f = -138 + 201. What is the tens digit of f?
6
Suppose 0 = -13*a + 63 - 11. Suppose 2*t + 114 = -a*k + 408, 5*k + 112 = t. What is the units digit of t?
7
Suppose t - 5 = -4*t. Let h be (14 + -5 - 2)/(2/48). Suppose -4*v - m = -h, m - 5 = -t. What is the units digit of v?
1
Suppose 9*r - 81738 = -10*r. What is the units digit of r?
2
Suppose -11472 = -61*t + 57*t. What is the thousands digit of t?
2
Suppose -5*w + 69 + 456 = 0. Suppose 0 = h + y - 145, 5*y - 48 - w = -h. What is the tens digit of h?
4
Let s = 355 - 329. Let c(w) = -w**3 - 4*w**2 + 3*w. Let n be c(-4). Let v = s + n. What is the units digit of v?
4
Let u(n) = 20*n + 14. What is the units digit of u(14)?
4
Let z = -146 - -153. Let v(w) = 9*w + 24. What is the units digit of v(z)?
7
Let y(m) = -2*m + 6. Suppose -4*v + 6 = -14. Suppose w + 2*r + v = -5, 2 = -2*w + 2*r. What is the units digit of y(w)?
4
Let d = -12 - -17. Let z = -11 - -13. Suppose -d*y = z*u - 5*u - 44, -6 = -3*u. What is the tens digit of y?
1
Let m(t) = 6*t + 9. Let v be m(-10). Let p = v + 91. Let g = p + -19. What is the units digit of g?
1
Let a be 2*1 - (8 + -11). Suppose a*u + 71 = 4*y - 243, -2*u = 4. What is the units digit of y?
6
Let s(p) = 4*p**2 - 8*p - 26. What is the tens digit of s(-11)?
4
Suppose -488 + 178 = -5*h. What is the units digit of h?
2
Let t = 67 + -64. What is the units digit of ((-2804)/t)/(-4) + 8/(-12)?
3
Let w = -12 + 14. Suppose w*c = c + 6. What is the tens digit of c/9*(-69)/(-2)?
2
Suppose 41025 = 21*y + 4422. What is the thousands digit of y?
1
Suppose -4*t = -0*t - 200. Let x = 2 + t. What is the units digit of x?
2
Let v be 9/(-3) - 1 - -10. Let s(l) = l - 2. Let h be s(v). Suppose 2*k - 118 = -2*k + g, -h*g - 124 = -4*k. What is the tens digit of k?
2
Suppose 12*g + 1 = 49. Let x(n) be the second derivative of n**4/12 - n**3/2 - n**2 + n. What is the units digit of x(g)?
2
Let b be (-1)/(6*5/60). Let r be 9/(-2)*(1 - 3). Let l = b + r. What is the units digit of l?
7
Let a(y) = y**3 + 22*y**2 + 13*y + 8. Suppose 84 = -4*l - r, 5*l + 4*r = 4*l - 21. What is the units digit of a(l)?
6
Let m = -2 + 5. Let l be (-48)/9 + (-2)/m. What is the tens digit of ((-9)/6)/(l/72)?
1
Suppose -3*o = t - 51, -71 = -4*o - o + 3*t. Suppose -5*g + o + 139 = 0. What is the tens digit of g?
3
Let l(a) = -a - 12. Let i be l(-12). Suppose i = -2*d, 2*q - 150 = -0*d + 5*d. Suppose q = -0*y + 5*y. What is the units digit of y?
5
Suppose 3*q + 5*o + 819 = 0, 0 = -4*o - 20 + 8. Let d = 389 + q. What is the hundreds digit of d?
1
Let h(u) = 2*u**2 - u + 1. Let m = 0 - -10. Suppose m = -3*g - 2. What is the units digit of h(g)?
7
Let u(v) = v**2 + 7*v + 1. Let a(l) = -l - 9. Let m be a(7). Let x = m + 21. What is the tens digit of u(x)?
6
Let w(i) = 326*i**2 + 15*i + 82. What is the thousands digit of w(-4)?
5
Suppose 0 = 6*q - 42 + 6. Suppose 0 = t - q*t + 155. What is the tens digit of t?
3
Let h = -249 + 262. W